?
38183
List the prime factors of 18381.
3, 11, 557
What are the prime factors of 2955?
3, 5, 197
List the prime factors of 935.
5, 11, 17
What are the prime factors of 61849?
127, 487
List the prime factors of 11830.
2, 5, 7, 13
List the prime factors of 17508.
2, 3, 1459
What are the prime factors of 34636?
2, 7, 1237
List the prime factors of 83.
83
What are the prime factors of 28244?
2, 23, 307
What are the prime factors of 627?
3, 11, 19
List the prime factors of 3785.
5, 757
List the prime factors of 4699.
37, 127
What are the prime factors of 114233?
7, 16319
List the prime factors of 3850.
2, 5, 7, 11
What are the prime factors of 1023?
3, 11, 31
List the prime factors of 1755.
3, 5, 13
List the prime factors of 2128.
2, 7, 19
List the prime factors of 362.
2, 181
What are the prime factors of 3820?
2, 5, 191
What are the prime factors of 12980?
2, 5, 11, 59
What are the prime factors of 3823?
3823
What are the prime factors of 9276?
2, 3, 773
List the prime factors of 290.
2, 5, 29
What are the prime factors of 11344?
2, 709
What are the prime factors of 1043?
7, 149
List the prime factors of 100387.
7, 14341
What are the prime factors of 4013?
4013
What are the prime factors of 822?
2, 3, 137
What are the prime factors of 1206?
2, 3, 67
List the prime factors of 273.
3, 7, 13
List the prime factors of 43404.
2, 3, 3617
List the prime factors of 9217.
13, 709
What are the prime factors of 10196?
2, 2549
What are the prime factors of 54785?
5, 10957
What are the prime factors of 227?
227
List the prime factors of 51565.
5, 10313
What are the prime factors of 1364?
2, 11, 31
What are the prime factors of 7956?
2, 3, 13, 17
List the prime factors of 89339.
41, 2179
List the prime factors of 1544.
2, 193
What are the prime factors of 91534?
2, 45767
List the prime factors of 1332.
2, 3, 37
What are the prime factors of 3881?
3881
List the prime factors of 981.
3, 109
What are the prime factors of 19656?
2, 3, 7, 13
List the prime factors of 68110.
2, 5, 7, 139
List the prime factors of 211.
211
List the prime factors of 29824.
2, 233
List the prime factors of 3388.
2, 7, 11
What are the prime factors of 1519?
7, 31
What are the prime factors of 5095?
5, 1019
List the prime factors of 9913.
23, 431
What are the prime factors of 6424?
2, 11, 73
What are the prime factors of 83100?
2, 3, 5, 277
What are the prime factors of 130449?
3, 11, 59, 67
List the prime factors of 55486.
2, 27743
What are the prime factors of 20397?
3, 13, 523
List the prime factors of 462.
2, 3, 7, 11
List the prime factors of 1470.
2, 3, 5, 7
List the prime factors of 17034.
2, 3, 17, 167
List the prime factors of 7404.
2, 3, 617
List the prime factors of 35113.
13, 37, 73
What are the prime factors of 224?
2, 7
What are the prime factors of 439?
439
List the prime factors of 56889.
3, 7, 43
What are the prime factors of 85989?
3, 28663
What are the prime factors of 11206?
2, 13, 431
List the prime factors of 57294.
2, 3, 1061
List the prime factors of 3656.
2, 457
What are the prime factors of 32273?
59, 547
List the prime factors of 764.
2, 191
What are the prime factors of 3509?
11, 29
What are the prime factors of 7772?
2, 29, 67
What are the prime factors of 13658?
2, 6829
What are the prime factors of 577?
577
List the prime factors of 7604.
2, 1901
List the prime factors of 359.
359
What are the prime factors of 540?
2, 3, 5
What are the prime factors of 671?
11, 61
What are the prime factors of 11219?
13, 863
List the prime factors of 14207.
14207
List the prime factors of 24140.
2, 5, 17, 71
What are the prime factors of 65870?
2, 5, 7, 941
List the prime factors of 11687.
13, 29, 31
What are the prime factors of 5097?
3, 1699
What are the prime factors of 28162?
2, 14081
What are the prime factors of 13438?
2, 6719
What are the prime factors of 39346?
2, 103, 191
List the prime factors of 15006.
2, 3, 41, 61
List the prime factors of 1353.
3, 11, 41
List the prime factors of 4193.
7, 599
List the prime factors of 201.
3, 67
List the prime factors of 3121.
3121
What are the prime factors of 6576?
2, 3, 137
List the prime factors of 148.
2, 37
List the prime factors of 3629.
19, 191
What are the prime factors of 50257?
29, 1733
List the prime factors of 2031.
3, 677
What are the prime factors of 39215?
5, 11, 23, 31
What are the prime factors of 1208?
2, 151
What are the prime factors of 770?
2, 5, 7, 11
List the prime factors of 5246.
2, 43, 61
What are the prime factors of 9710?
2, 5, 971
What are the prime factors of 56161?
7, 71, 113
What are the prime factors of 127967?
7, 101, 181
List the prime factors of 51945.
3, 5, 3463
List the prime factors of 1493.
1493
List the prime factors of 64125.
3, 5, 19
What are the prime factors of 773?
773
List the prime factors of 11287.
11287
List the prime factors of 178.
2, 89
List the prime factors of 6633.
3, 11, 67
What are the prime factors of 49372?
2, 12343
List the prime factors of 174608.
2, 7, 1559
What are the prime factors of 47901?
3, 7, 2281
List the prime factors of 1376.
2, 43
List the prime factors of 10323.
3, 31, 37
List the prime factors of 60.
2, 3, 5
List the prime factors of 3254.
2, 1627
What are the prime factors of 158?
2, 79
List the prime factors of 80520.
2, 3, 5, 11, 61
What are the prime factors of 1432?
2, 179
What are the prime factors of 906?
2, 3, 151
What are the prime factors of 3108?
2, 3, 7, 37
What are the prime factors of 6227?
13, 479
List the prime factors of 1869.
3, 7, 89
What are the prime factors of 1327?
1327
List the prime factors of 6199.
6199
List the prime factors of 9836.
2, 2459
What are the prime factors of 7753?
7753
List the prime factors of 45242.
2, 22621
List the prime factors of 6831.
3, 11, 23
What are the prime factors of 6081?
3, 2027
What are the prime factors of 657?
3, 73
List the prime factors of 4885.
5, 977
What are the prime factors of 3586?
2, 11, 163
What are the prime factors of 92500?
2, 5, 37
List the prime factors of 2827.
11, 257
What are the prime factors of 480?
2, 3, 5
List the prime factors of 831.
3, 277
What are the prime factors of 14643?
3, 1627
List the prime factors of 15757.
7, 2251
List the prime factors of 131830.
2, 5, 13183
What are the prime factors of 13451?
13451
List the prime factors of 45426.
2, 3, 67, 113
List the prime factors of 38899.
7, 5557
List the prime factors of 2203.
2203
What are the prime factors of 36204?
2, 3, 7, 431
List the prime factors of 37518.
2, 3, 13, 37
What are the prime factors of 413?
7, 59
List the prime factors of 69682.
2, 34841
What are the prime factors of 1480?
2, 5, 37
List the prime factors of 32990.
2, 5, 3299
What are the prime factors of 5326?
2, 2663
What are the prime factors of 90652?
2, 131, 173
List the prime factors of 67842.
2, 3, 3769
List the prime factors of 68229.
3, 7, 19
List the prime factors of 14669.
14669
What are the prime factors of 100979?
241, 419
What are the prime factors of 3659?
3659
What are the prime factors of 79029?
3, 2927
List the prime factors of 14241.
3, 47, 101
What are the prime factors of 2857?
2857
List the prime factors of 8044.
2, 2011
List the prime factors of 6200.
2, 5, 31
List the prime factors of 14836.
2, 3709
List the prime factors of 7026.
2, 3, 1171
What are the prime factors of 585?
3, 5, 13
List the prime factors of 406.
2, 7, 29
List the prime factors of 29620.
2, 5, 1481
What are the prime factors of 11649?
3, 11, 353
What are the prime factors of 10178?
2, 7, 727
List the prime factors of 1051.
1051
What are the prime factors of 22807?
22807
What are the prime factors of 5762?
2, 43, 67
What are the prime factors of 880?
2, 5, 11
List the prime factors of 63627.
3, 127, 167
List the prime factors of 135157.
11, 1117
List the prime factors of 24.
2, 3
What are the prime factors of 37824?
2, 3, 197
List the prime factors of 147005.
5, 29401
List the prime factors of 4869.
3, 541
What are the prime factors of 24330?
2, 3, 5, 811
What are the prime factors of 6602?
2, 3301
List the prime factors of 601.
601
What are the prime factors of 1633?
23, 71
What are the prime factors of 190353?
3, 107, 593
What are the prime factors of 41685?
3, 5, 7, 397
What are the prime factors of 2646?
2, 3, 7
What are the prime factors of 1369?
